 base 16, what is -f - b6?
-c5
In base 3, what is -102102202 - 1?
-102102210
In base 5, what is -331010 + -10?
-331020
In base 7, what is 2140 - 1?
2136
In base 2, what is -10 - 10111111111?
-11000000001
In base 5, what is -213333 - 10?
-213343
In base 11, what is -2 - -16?
14
In base 15, what is 4 - -45?
49
In base 14, what is 6a0 + -1?
69d
In base 15, what is -4 - 1bb3?
-1bb7
In base 11, what is -5 + 1889?
1884
In base 13, what is 0 + -12?
-12
In base 8, what is -4 - -111?
105
In base 15, what is -5 + -8b?
-91
In base 12, what is 5 - 722?
-719
In base 6, what is 1 + 114?
115
In base 6, what is 32 + -12?
20
In base 5, what is 3 + 14?
22
In base 3, what is -100 - -200201?
200101
In base 15, what is 5 - -72a?
730
In base 11, what is 3 - -2a7?
2aa
In base 16, what is -1fd - -2?
-1fb
In base 8, what is 34 + -21?
13
In base 10, what is -523 + 1?
-522
In base 9, what is -24 + -2?
-26
In base 8, what is 3 - -47?
52
In base 16, what is 1 + -128?
-127
In base 13, what is -b34 - -1?
-b33
In base 2, what is 110111 + -110111?
0
In base 13, what is -1c + -9?
-28
In base 12, what is -3 - 58?
-5b
In base 12, what is -141 + -9?
-14a
In base 6, what is 3 - -525?
532
In base 7, what is 6 + -125?
-116
In base 11, what is 58 - -50?
a8
In base 6, what is 141 + 10?
151
In base 7, what is 4 - 1525?
-1521
In base 16, what is 56ff - -1?
5700
In base 2, what is 10011 - 111100?
-101001
In base 3, what is 2002100 - 1?
2002022
In base 12, what is 19 - 2?
17
In base 14, what is -5 + -55?
-5a
In base 3, what is -120120201 - -2?
-120120122
In base 13, what is -c04 - -4?
-c00
In base 4, what is -212 + 3011?
2133
In base 7, what is 14 + -115?
-101
In base 4, what is 3 - -10101?
10110
In base 3, what is -11 + -2002?
-2020
In base 11, what is 85 + 1?
86
In base 7, what is 12 + -235?
-223
In base 2, what is -111 + 1001111?
1001000
In base 5, what is -3 + -110?
-113
In base 5, what is 2 + 303?
310
In base 11, what is 1 + 64?
65
In base 10, what is -345 + -20?
-365
In base 3, what is -101 - 111221?
-112022
In base 10, what is 714 + -2?
712
In base 14, what is 3c5 - 4?
3c1
In base 5, what is -3210 - -1?
-3204
In base 7, what is 203 + 226?
432
In base 4, what is 0 + -1303?
-1303
In base 10, what is 502 - 3?
499
In base 11, what is 126 + -1?
125
In base 4, what is -12 + 121?
103
In base 6, what is -44 - -2003?
1515
In base 11, what is 12 + 310?
322
In base 13, what is 1b4 + 7?
1bb
In base 14, what is 105 + 2?
107
In base 3, what is -121101 - -21?
-121010
In base 9, what is 81 + 27?
118
In base 9, what is 2 - -3?
5
In base 15, what is 2eb + 5?
301
In base 8, what is -1 - -162?
161
In base 2, what is -110010 - -100011?
-1111
In base 10, what is -4 - 2641?
-2645
In base 4, what is -20 + -10112?
-10132
In base 3, what is 11 + -2212012?
-2212001
In base 6, what is 1 - 43234?
-43233
In base 14, what is -aa + -a?
-b6
In base 9, what is -5 + 11?
5
In base 16, what is -3 - -4?
1
In base 14, what is -b - -36?
29
In base 12, what is -282 - -a?
-274
In base 15, what is -79 - -1a?
-5e
In base 9, what is 1 - 165?
-164
In base 15, what is -12 - -1bc?
1aa
In base 6, what is 4 - -140?
144
In base 12, what is 5a4 - 4?
5a0
In base 10, what is -4 + -161?
-165
In base 12, what is -18 + 11?
-7
In base 6, what is -31 + -3?
-34
In base 5, what is -1401 + -3?
-1404
In base 2, what is 100000001 + -10?
11111111
In base 9, what is 1386 + -3?
1383
In base 4, what is 1 + 1113?
1120
In base 3, what is -111 - 212?
-1100
In base 16, what is -1fe + 1?
-1fd
In base 5, what is -12 + -32?
-44
In base 16, what is -c6a - 1?
-c6b
In base 9, what is -2 - 11?
-13
In base 8, what is -76 - 33?
-131
In base 5, what is 22 + -223?
-201
In base 6, what is 30112 - -3?
30115
In base 7, what is 1 - 322?
-321
In base 14, what is 4 - 78?
-74
In base 9, what is -5 - -82?
76
In base 5, what is 110334 - -4?
110343
In base 15, what is 3237 - 5?
3232
In base 14, what is -1 + 11?
10
In base 8, what is 522 - -1?
523
In base 7, what is 530 - -4?
534
In base 13, what is 106c + -1?
106b
In base 10, what is -1 + -55?
-56
In base 10, what is -2 + -7352?
-7354
In base 9, what is -40 - -157?
117
In base 13, what is 5 - -5?
a
In base 16, what is 3 + 8?
b
In base 5, what is -1 - 3300?
-3301
In base 6, what is 420 + 12?
432
In base 3, what is -200201 - 1?
-200202
In base 15, what is 3 + -53?
-50
In base 14, what is -247 + -4?
-24b
In base 6, what is -2 - -12223?
12221
In base 12, what is 3a4a + 3?
3a51
In base 16, what is 21d + 2?
21f
In base 8, what is -274 + -25?
-321
In base 2, what is 1000 - 1000110?
-111110
In base 3, what is -10 - 120?
-200
In base 10, what is -197 + -6?
-203
In base 12, what is -337 + -3?
-33a
In base 5, what is -121 + -2?
-123
In base 2, what is 10011000 + 10000?
10101000
In base 13, what is 10 - 7?
6
In base 16, what is -1 - -2a?
29
In base 2, what is -10110001 - -10100?
-10011101
In base 2, what is 1110110 + -10001?
1100101
In base 6, what is 5 + -12520?
-12511
In base 3, what is -10 - -20?
10
In base 9, what is -13 - 30?
-43
In base 11, what is -3 - 8?
-10
In base 5, what is 1021 - 10?
1011
In base 2, what is 1000101 + 11?
1001000
In base 8, what is -1444 + 4?
-1440
In base 11, what is -22 + 2?
-20
In base 11, what is -90 + 1?
-8a
In base 14, what is -4 - -264?
260
In base 7, what is 30 - 12?
15
In base 13, what is 38 - -16?
51
In base 8, what is 5 - -464?
471
In base 14, what is -c0 + 9?
-b5
In base 16, what is fb - -7?
102
In base 5, what is 20334 + 2?
20341
In base 5, what is 1340 + 12?
1402
In base 3, what is -2 - 12022111?
-12022120
In base 3, what is 102 + 2022211?
2100020
In base 13, what is 13 + -3b4?
-3a1
In base 7, what is -130 + -312?
-442
In base 5, what is -224 + -14?
-243
In base 3, what is 20 + -112?
-22
In base 8, what is 113 - -1?
114
In base 6, what is -4 - -103?
55
In base 2, what is 10010101011 - 0?
10010101011
In base 6, what is 141 + 12?
153
In base 10, what is 0 - -175?
175
In base 4, what is 132 + -1003?
-211
In base 2, what is 0 + 110000?
110000
In base 9, what is -2318 + 2?
-2316
In base 8, what is 1246 - -4?
1252
In base 7, what is -3 + 24?
21
In base 12, what is -4 - 28?
-30
In base 5, what is -32 - 3111?
-3143
In base 11, what is -86 + 49?
-38
In base 6, what is -4 - -4?
0
In base 6, what is -4113 - -2?
-4111
In base 13, what is 1118 - 5?
1113
In base 15, what is 21 + 10?
31
In base 14, what is 9 - 0?
9
In base 7, what is -4 - 1456?
-1463
In base 4, what is -3303 - -10?
-3233
In base 8, what is -102 + -1?
-103
In base 12, what is 1 + 7b?
80
In base 10, what is -3 - 198?
-201
In base 13, what is -4 + 0?
-4
In base 8, what is -25 - 43?
-70
In base 9, what is -3 + -180?
-183
In base 7, what is -4014 + 2?
-4012
In base 6, what is -2 - -20534?
20532
In base 11, what is 131 - 2?
12a
In base 5, what is -124 + 3?
-121
In base 12, what is 23 - 311?
-2aa
In base 3, what is -100210 + -2122?
-110102
In base 16, what is -1 - -cd2?
cd1
In base 4, what is 1 + -23212?
-23211
In base 11, what is -1 + -1345?
-1346
In base 5, what is -10 - 21131?
-21141
In base 11, what is -a1 - -2?
-9a
In base 3, what is 11 - 101111?
-101100
In base 14, what is 53 - 11?
42
In base 9, what is -34 + -3?
-37
In base 9, what is -1 - 262?
-263
In base 5, what is 11 - -1113?
1124
In base 6, what is 2504 + 1?
2505
In base 15, what is 3 + d?
11
In base 16, what is -105 - 6?
-10b
In base 9, what is -412 + 1?
-411
In base 3, what is 22 + -10?
12
In base 12, what is -5 + 95?
90
In base 5, what is 3 - 402?
-344
In base 6, what is -40 - -3?
-33
In base 14, what is 14 - -5?
19
In base 10, what is -174 + -5?
-179
In base 3, what is 1000201 - 11?
1000120
In base 16, what is 5 - 1fa3?
-1f9e
In base 2, what is -101000111 - -100?
-101000011
In base 14, what is -5 + 25?
20
In base 3, what is 100020121 + 12?
100020210
In base 13, what is 2 + 48c?
491
In base 3, what is -1002 + -12?
-1021
In base 13, what is 4 - 11c?
-118
In base 14, what is 56a8 + -3?
56a5
In base 4, what is -11 + -10002?
-10013
In base 2, what is 0 + 11001101010?
11001101010
In base 8, what is -105 - 12?
-117
In base 2, what is 111110101 - -101?
111111010
In base 13, what is -19 - 3c?
-58
In base 15, what is 0 - 986?
-986
In base 4, what is -21 - 111?
-132
In base 2, what is 10 + -101001100001?
-101001011111
In base 13, what is 5 - -19?
21
In base 13, what is 0 + 612?
612
In bas